/((-18)/10). Suppose p*i = 17 + n. List the prime factors of i.
5
Let l(n) = -n**2 + 17*n - 17. What are the prime factors of l(7)?
53
Let z = 184 + -109. Suppose y = -2*y + z. Suppose 9*u = 4*u + y. List the prime factors of u.
5
Let n be -3 + (-5)/(3/(-3)). Suppose -n*i + 28 = -10. Suppose 2*f = -o - 1, -5*o - 4*f + i = -6*f. List the prime factors of o.
3
Let f = -97 + 140. What are the prime factors of f?
43
Let d be 10/(-4)*(-12)/10. Let r(g) = -5*g - 1. Let t be r(d). What are the prime factors of (6/(-4))/(6/t)?
2
Let t be (12 - 1)/((-2)/(-4)). Suppose 2*q + 2*y - 18 = 0, 0 = -2*q - y - 3*y + t. Suppose -4*o + q*o - 39 = 0. List the prime factors of o.
13
Suppose -2*a = -5*a + 87. What are the prime factors of a?
29
Suppose 4*w - 13 - 35 = 0. Suppose 2*i + 3*l + 1 = 3, -5*l = -i - w. What are the prime factors of (i/2)/((-1)/7)?
7
Suppose 9 = -d + 4*d. Let g(p) be the third derivative of p**5/30 - 5*p**4/24 + 2*p**3/3 - 5*p**2 + 6. List the prime factors of g(d).
7
Suppose 3*g = n + 16, -5*n + 28 = 3*g - 0. List the prime factors of g.
2, 3
Let a(x) = 14*x**3 + 6*x + 1 - 2 + 3*x**2 - 15*x**3. What are the prime factors of a(4)?
7
Let w = -103 - -174. What are the prime factors of w?
71
Suppose 0 = -0*s - 2*s - 48. List the prime factors of (-1)/(-6) + (-44)/s.
2
Suppose 18 = 3*h + 2*s - s, -3*h = -5*s. Let o(f) = f**2 - f + 2. List the prime factors of o(h).
2, 11
Suppose 89 = -6*x + 431. What are the prime factors of x?
3, 19
Let k be 12*4/(-18)*3. Let c = -5 - k. List the prime factors of c.
3
Let h = 8 + -3. List the prime factors of h.
5
Suppose -n = -5*n + 8. Suppose -n*w = -11 - 59. What are the prime factors of w?
5, 7
Let s(i) = i**3 + 4*i**2 - 4*i + 1. Let w be s(-5). Suppose 3*u = u + 6. Let t = u - w. What are the prime factors of t?
7
Suppose 5*g = 22 + 3. What are the prime factors of g + -1 + -1 + -1?
2
Suppose 4*f = k - 24, 6*f - 4*f = 5*k - 48. Suppose 0*l - k = -l. Suppose -2*v + 4 + l = 0. What are the prime factors of v?
2, 3
Let y be ((-42)/(-7))/((-4)/(-14)). Suppose 20*p = y*p - 16. What are the prime factors of p?
2
Let w be 1/((-2)/(2*3)). Let s(h) = h**2 - h. Let l be s(0). What are the prime factors of w*(0 + -1 + l)?
3
Let c = 10 + -6. Let r be (-1)/c - (-20)/16. List the prime factors of 2*r/3*12.
2
Let u be -3 + 3 + -3 + 70. Let s = -31 + u. List the prime factors of s.
2, 3
Let r be (3/(-9))/(2/(-186)). Let b = r + -7. Suppose 0 = 2*f + f - b. List the prime factors of f.
2
Suppose 8*a = 573 + 331. What are the prime factors of a?
113
Suppose 3*m = -k - 84, -3*m = -3*k + 23 + 49. Let h = m - -4. Let r = h + 32. List the prime factors of r.
3
Suppose 3*b - 3 = -3*z + 6*z, 4*z = -5*b + 5. Suppose -4 = -2*u - z. List the prime factors of u.
2
Let r = -64 - -39. Let z be ((-8)/3)/((-2)/15). What are the prime factors of 24/z*r/(-2)?
3, 5
Suppose -2*h - 11 + 35 = 0. What are the prime factors of h?
2, 3
Suppose -3*k + 5*p + 21 = -20, -5*p - 63 = -4*k. Suppose 3*l = 4*o - 18, -4*l = -0*o - 5*o + k. List the prime factors of o.
2, 3
Suppose 2*p - p = 15. What are the prime factors of p?
3, 5
Let d be (-136)/(-6)*6/4. Suppose 3*w + 5*h = d, -2*w = -2*h - 2*h - 8. What are the prime factors of w?
2
Suppose 2*f = 2 + 10. Let u be ((-8)/f)/((-6)/27). Let d = u - -4. List the prime factors of d.
2, 5
Suppose -a - 16 = 5*o, 0*a - 5*a = 2*o + 11. Let j = 5 + o. List the prime factors of j.
2
Let b be (0 - -2 - 2)/1. Suppose k = -b*k + 2, l = -k + 2. Suppose l*n + 30 = 2*n. List the prime factors of n.
3, 5
Let l be -2*2*(1 + -2). Suppose 7*z - 64 = 3*z. What are the prime factors of l/z + (-47)/(-4)?
2, 3
Let y = -10 - -10. Suppose t - 6 = -y. List the prime factors of t.
2, 3
Let y(t) = -2*t - 5. Let j be y(-7). Let s = 15 - j. Let d(h) = -h**2 + 7*h + 8. What are the prime factors of d(s)?
2, 7
Let k = -160 - -288. What are the prime factors of k?
2
Suppose -2*l + 15 = l - 4*o, -5 = -l - 2*o. Suppose -l*x + 0*x + 5*s = -65, 0 = s + 3. What are the prime factors of x?
2, 5
Let k(c) = 4*c + 2 - 3 + 5*c**2 + 5 + 0 + c**3. Let a be k(-4). List the prime factors of (a - 0)*20/8.
2, 5
List the prime factors of 38 - (9*-1)/(-3).
5, 7
Let k(b) = -b**3 + 9*b**2 - 7. Let i be k(6). Suppose -3*d = 3*t - 4*d + 77, 4*t - d + i = 0. Let n = -4 - t. List the prime factors of n.
2, 5
Let c = 17 - 31. Let d be (0 - -1) + c/(-1). Let t = -3 + d. List the prime factors of t.
2, 3
Let v(b) = -b**3 - 5*b**2 + 4*b + 7. Let y be ((-5)/(-2) + -2)*0. Suppose 4*t = n - 3*n - 30, -2*t + n - 9 = y. List the prime factors of v(t).
19
Suppose 0*t - 8 = -4*t. List the prime factors of -1*t*(-2 + 1).
2
Suppose -h - 25 = -2*r + 51, -3*r + 116 = -2*h. Suppose -2*j - j = -r. Suppose -7*u + 3*u = -j. List the prime factors of u.
3
Let p(i) = 1. Let t(d) = -2*d + 6. Let m(f) = 6*p(f) - t(f). List the prime factors of m(2).
2
Let s(d) = -5*d**3 + d**2 + 2*d + 1. Let f be s(-1). Suppose y - 2 = f. What are the prime factors of y?
7
Let m(x) be the second derivative of -x**5/5 + x**4/6 - x**3/6 + 7*x. What are the prime factors of m(-2)?
2, 3, 7
Suppose 0 = -16*o + 2618 + 2102. List the prime factors of o.
5, 59
Suppose -t - 2*t = d + 1, 11 = d - 3*t. Let q(j) = -j**3 + 6*j**2 - 3*j + 6. What are the prime factors of q(d)?
2
Suppose -2*j = -j + 3*h, -5*j = -5*h - 60. What are the prime factors of j?
3
Let s = -57 - -87. Let c(n) = n**3 - 5*n**2 + n + 1. Let u be c(5). Suppose s = -p + u*p. What are the prime factors of p?
2, 3
Suppose 0 = -4*n - 2*p - 37 + 479, 0 = -2*n - 5*p + 217. What are the prime factors of n?
3, 37
Let q(w) = w**2 - 3*w + 13. Let z(n) = -n - 1. Let v(o) = -q(o) - 6*z(o). Let f(a) = 5*a**2 + 2*a - 1. Let m be f(1). List the prime factors of v(m).
11
Let k = 7 - 14. Let x(u) = -u**3 + 7*u**2 + 2*u + 10. Let a(l) = -l**3. Let h(z) = 2*a(z) - x(z). List the prime factors of h(k).
2
Let l(m) = 23*m - 50. What are the prime factors of l(8)?
2, 67
Let h = 256 + -81. What are the prime factors of h?
5, 7
Suppose 180 = -2*h + 7*h. Suppose -h = -a + 5*d, -d + 4 = 3. What are the prime factors of a?
41
Let p be ((-4)/(-3))/(7/294). Suppose -5*j + 4*v = -3*j - p, j - 28 = -5*v. List the prime factors of j.
2, 7
Suppose 2*k + 2 - 22 = 0. Suppose -14 = -5*m - 2*h, -8*m = -4*m + 2*h - k. What are the prime factors of m?
2
Suppose -5*z = -5, -3*w + 381 = w + z. Suppose -3*g + 4*v + 62 = 0, 10*v + w = 5*g + 5*v. List the prime factors of g.
2, 7
Suppose 14 - 89 = n. Let m = -41 - n. What are the prime factors of m?
2, 17
Suppose -105 = -3*t + 126. List the prime factors of t.
7, 11
Suppose -2*t = -6, -2*l - 5*t - 1 = -580. List the prime factors of l.
2, 3, 47
Suppose 11*n = 10*n + 36. What are the prime factors of n?
2, 3
Let r be (-5)/5*(-4 + -1). Let f be -10*(-2)/(16/(-12)). Let v = r - f. List the prime factors of v.
2, 5
Suppose 39 = v + 8. List the prime factors of v.
31
Let d(f) = f**3 - 11*f**2 + f. Let g be d(11). Suppose n + 2 = 3*b - 3, -5*n + g = 3*b. What are the prime factors of -19*(n - 3)/2?
19
Let n(t) = t**2 + 10*t + 2. Let j = 4 - 15. What are the prime factors of n(j)?
13
Let j(x) = -x + 1. Let a(k) = k - 4. Let g(h) = -a(h) - 6*j(h). What are the prime factors of g(4)?
2, 3
Let m(q) = -4 + 3 + 7*q**2 - 6*q**2 + 2. What are the prime factors of m(2)?
5
Let j = 79 + -49. Suppose -2*v + 5*x + 30 = 0, 0 = -4*v + x + j - 6. Let d(b) = -b + 12. List the prime factors of d(v).
7
Let u(t) = -t**3 + 4*t**2 + 8*t - 5. Let l be u(5). Suppose -l = -w + 8. What are the prime factors of w?
2, 3
Let o(z) = -z**2 - 7*z + 5. Suppose 4*b - x = -27, -5*x = 5*b - x + 18. Let q be o(b). Suppose 3*y - q = -2. List the prime factors of y.
3
Let w(h) = -h**3 + 6*h**2 + h + 5. Let y be w(6). Let m be (-6 - -10) + 0 + 1. Let l = y - m. List the prime factors of l.
2, 3
Suppose 3*r - 5*r = -150. List the prime factors of r.
3, 5
Let c(z) = 4*z**3 + 4*z**2 + 2*z - 12. Let d(t) = t**3 - t**2. Let p(s) = c(s) - 5*d(s). Let o be p(9). Let x = 12 - o. What are the prime factors of x?
2, 3
Let a(l) be the second derivative of l**4/12 - 4*l**3/3 + 11*l**2/2 + 47*l. Let w = 20 + -12. What are the prime factors of a(w)?
11
Let m(c) = c**3 + 3*c**2 - c - 1. Let p be m(-3). Suppose k + 6 = -2*r, -4*k - 24 = 6*r - p*r. Let s = k - -8. List the prime factors of s.
